{"id":7,"date":"2017-02-22T09:05:54","date_gmt":"2017-02-22T09:05:54","guid":{"rendered":"http:\/\/www.ascaureliodeleon.es\/?page_id=7"},"modified":"2022-11-30T22:51:02","modified_gmt":"2022-11-30T22:51:02","slug":"programas-y-actividades","status":"publish","type":"page","link":"https:\/\/www.ascaureliodeleon.es\/index.php\/actividades\/programas-y-actividades\/","title":{"rendered":"Programas y Actividades"},"content":{"rendered":"\t\t<div data-elementor-type=\"wp-page\" data-elementor-id=\"7\" class=\"elementor elementor-7\" data-elementor-settings=\"{&quot;ha_cmc_init_switcher&quot;:&quot;no&quot;}\" data-elementor-post-type=\"page\">\n\t\t\t\t\t\t<section class=\"elementor-section elementor-top-section elementor-element elementor-element-23f355eb elementor-section-height-min-height elementor-section-items-stretch elementor-section-boxed elementor-section-height-default\" data-id=\"23f355eb\" data-element_type=\"section\" data-e-type=\"section\" data-settings=\"{&quot;background_background&quot;:&quot;classic&quot;}\">\n\t\t\t\t\t\t<div class=\"elementor-container elementor-column-gap-default\">\n\t\t\t\t\t<div class=\"elementor-column elementor-col-50 elementor-top-column elementor-element elementor-element-14db507d\" data-id=\"14db507d\" data-element_type=\"column\" data-e-type=\"column\">\n\t\t\t<div class=\"elementor-widget-wrap elementor-element-populated\">\n\t\t\t\t\t\t<div class=\"elementor-element elementor-element-3e246fe1 elementor-widget elementor-widget-heading\" data-id=\"3e246fe1\" data-element_type=\"widget\" data-e-type=\"widget\" data-widget_type=\"heading.default\">\n\t\t\t\t<div class=\"elementor-widget-container\">\n\t\t\t\t\t<h3 class=\"elementor-heading-title elementor-size-default\">Programas y Actividades<\/h3>\t\t\t\t<\/div>\n\t\t\t\t<\/div>\n\t\t\t\t\t<\/div>\n\t\t<\/div>\n\t\t\t\t<div class=\"elementor-column elementor-col-50 elementor-top-column elementor-element elementor-element-42c97fd\" data-id=\"42c97fd\" data-element_type=\"column\" data-e-type=\"column\">\n\t\t\t<div class=\"elementor-widget-wrap elementor-element-populated\">\n\t\t\t\t\t\t<div class=\"elementor-element elementor-element-9f88d1f elementor-widget elementor-widget-text-editor\" data-id=\"9f88d1f\" data-element_type=\"widget\" data-e-type=\"widget\" data-widget_type=\"text-editor.default\">\n\t\t\t\t<div class=\"elementor-widget-container\">\n\t\t\t\t\t\t\t\t\t<p>Ofrecemos distintos programas con los que conseguimos ayudar a muchas personas<\/p>\t\t\t\t\t\t\t\t<\/div>\n\t\t\t\t<\/div>\n\t\t\t\t\t<\/div>\n\t\t<\/div>\n\t\t\t\t\t<\/div>\n\t\t<\/section>\n\t\t\t\t<section class=\"elementor-section elementor-top-section elementor-element elementor-element-5371351 elementor-section-boxed elementor-section-height-default elementor-section-height-default\" data-id=\"5371351\" data-element_type=\"section\" data-e-type=\"section\" data-settings=\"{&quot;_ha_eqh_enable&quot;:false}\">\n\t\t\t\t\t\t<div class=\"elementor-container elementor-column-gap-default\">\n\t\t\t\t\t<div class=\"elementor-column elementor-col-100 elementor-top-column elementor-element elementor-element-1be71d02\" data-id=\"1be71d02\" data-element_type=\"column\" data-e-type=\"column\">\n\t\t\t<div class=\"elementor-widget-wrap elementor-element-populated\">\n\t\t\t\t\t\t<div class=\"elementor-element elementor-element-692688b6 ha-card--left ha-card--tablet-top ha-card--mobile-top elementor-widget elementor-widget-ha-card happy-addon ha-card\" data-id=\"692688b6\" data-element_type=\"widget\" data-e-type=\"widget\" data-widget_type=\"ha-card.default\">\n\t\t\t\t<div class=\"elementor-widget-container\">\n\t\t\t\t\t\n\t\t\t\t\t<figure class=\"ha-card-figure\">\n\t\t\t\t<img fetchpriority=\"high\" decoding=\"async\" width=\"2048\" height=\"924\" src=\"https:\/\/www.ascaureliodeleon.es\/wp-content\/uploads\/2022\/11\/PROGRAMA-DE-ATENCION-SOCIAL.jpg\" class=\"attachment-full size-full wp-image-1969\" alt=\"\" srcset=\"https:\/\/www.ascaureliodeleon.es\/wp-content\/uploads\/2022\/11\/PROGRAMA-DE-ATENCION-SOCIAL.jpg 2048w, https:\/\/www.ascaureliodeleon.es\/wp-content\/uploads\/2022\/11\/PROGRAMA-DE-ATENCION-SOCIAL-300x135.jpg 300w, https:\/\/www.ascaureliodeleon.es\/wp-content\/uploads\/2022\/11\/PROGRAMA-DE-ATENCION-SOCIAL-1024x462.jpg 1024w, https:\/\/www.ascaureliodeleon.es\/wp-content\/uploads\/2022\/11\/PROGRAMA-DE-ATENCION-SOCIAL-768x347.jpg 768w, https:\/\/www.ascaureliodeleon.es\/wp-content\/uploads\/2022\/11\/PROGRAMA-DE-ATENCION-SOCIAL-1536x693.jpg 1536w\" sizes=\"(max-width: 2048px) 100vw, 2048px\" \/>\t\t\t\t\t\t\t<\/figure>\n\t\t\n\t\t<div class=\"ha-card-body\">\n\n\t\t\t<h2 class=\"ha-card-title\">Programa de atenci\u00f3n social<\/h2>\n\t\t\t\t\t\t\t<div class=\"ha-card-text\">\n\t\t\t\t\t<p>Gestionado a trav\u00e9s de profesionales y voluntarios que identifican y valoran las necesidades presentadas y proponen actuaciones a seguir para cada una de ellas.\n<br>\nA trav\u00e9s de este programa se gestionan:<br>\n\u2022\tServicio de acogida, informaci\u00f3n y asesoramiento.<br>\n\u2022\tServicio de ropero.<br>\n\u2022\tServicio de alimentos.\n\u2022\tPrimera acogida, informaci\u00f3n, asesoramiento y mediaci\u00f3n.\n<\/p>\n\t\t\t\t<\/div>\n\t\t\t\n\t\t\t\t\t<\/div>\n\t\t\t\t\t\t<\/div>\n\t\t\t\t<\/div>\n\t\t\t\t\t<\/div>\n\t\t<\/div>\n\t\t\t\t\t<\/div>\n\t\t<\/section>\n\t\t\t\t<section class=\"elementor-section elementor-top-section elementor-element elementor-element-b0b9b11 elementor-section-boxed elementor-section-height-default elementor-section-height-default\" data-id=\"b0b9b11\" data-element_type=\"section\" data-e-type=\"section\" data-settings=\"{&quot;_ha_eqh_enable&quot;:false}\">\n\t\t\t\t\t\t<div class=\"elementor-container elementor-column-gap-default\">\n\t\t\t\t\t<div class=\"elementor-column elementor-col-100 elementor-top-column elementor-element elementor-element-80508d1\" data-id=\"80508d1\" data-element_type=\"column\" data-e-type=\"column\">\n\t\t\t<div class=\"elementor-widget-wrap elementor-element-populated\">\n\t\t\t\t\t\t<div class=\"elementor-element elementor-element-b22b850 ha-card--left ha-card--tablet-top ha-card--mobile-top elementor-widget elementor-widget-ha-card happy-addon ha-card\" data-id=\"b22b850\" data-element_type=\"widget\" data-e-type=\"widget\" data-widget_type=\"ha-card.default\">\n\t\t\t\t<div class=\"elementor-widget-container\">\n\t\t\t\t\t\n\t\t\t\t\t<figure class=\"ha-card-figure\">\n\t\t\t\t<img decoding=\"async\" width=\"2048\" height=\"924\" src=\"https:\/\/www.ascaureliodeleon.es\/wp-content\/uploads\/2022\/11\/PROGRAMA-DE-INSERCION-SOCIOLABORAL.jpg\" class=\"attachment-full size-full wp-image-1970\" alt=\"\" srcset=\"https:\/\/www.ascaureliodeleon.es\/wp-content\/uploads\/2022\/11\/PROGRAMA-DE-INSERCION-SOCIOLABORAL.jpg 2048w, https:\/\/www.ascaureliodeleon.es\/wp-content\/uploads\/2022\/11\/PROGRAMA-DE-INSERCION-SOCIOLABORAL-300x135.jpg 300w, https:\/\/www.ascaureliodeleon.es\/wp-content\/uploads\/2022\/11\/PROGRAMA-DE-INSERCION-SOCIOLABORAL-1024x462.jpg 1024w, https:\/\/www.ascaureliodeleon.es\/wp-content\/uploads\/2022\/11\/PROGRAMA-DE-INSERCION-SOCIOLABORAL-768x347.jpg 768w, https:\/\/www.ascaureliodeleon.es\/wp-content\/uploads\/2022\/11\/PROGRAMA-DE-INSERCION-SOCIOLABORAL-1536x693.jpg 1536w\" sizes=\"(max-width: 2048px) 100vw, 2048px\" \/>\t\t\t\t\t\t\t<\/figure>\n\t\t\n\t\t<div class=\"ha-card-body\">\n\n\t\t\t<h2 class=\"ha-card-title\">Programa de inserci\u00f3n sociolaboral<\/h2>\n\t\t\t\t\t\t\t<div class=\"ha-card-text\">\n\t\t\t\t\t<p>Dirigido a mejorar la integraci\u00f3n social y laboral de mujeres en riesgo de pobreza y exclusi\u00f3n social\n<br \/>\n\u2022\tTrato personalizado mediante entrevistas.<br \/>\n\u2022\tActividades grupales y\/o individuales.<br \/>\n\u2022\tMediaci\u00f3n con empresas.\n<\/p>\n\t\t\t\t<\/div>\n\t\t\t\n\t\t\t\t\t<\/div>\n\t\t\t\t\t\t<\/div>\n\t\t\t\t<\/div>\n\t\t\t\t\t<\/div>\n\t\t<\/div>\n\t\t\t\t\t<\/div>\n\t\t<\/section>\n\t\t\t\t<section class=\"elementor-section elementor-top-section elementor-element elementor-element-8ac2e65 elementor-section-boxed elementor-section-height-default elementor-section-height-default\" data-id=\"8ac2e65\" data-element_type=\"section\" data-e-type=\"section\" data-settings=\"{&quot;_ha_eqh_enable&quot;:false}\">\n\t\t\t\t\t\t<div class=\"elementor-container elementor-column-gap-default\">\n\t\t\t\t\t<div class=\"elementor-column elementor-col-100 elementor-top-column elementor-element elementor-element-5cbc5b5\" data-id=\"5cbc5b5\" data-element_type=\"column\" data-e-type=\"column\">\n\t\t\t<div class=\"elementor-widget-wrap elementor-element-populated\">\n\t\t\t\t\t\t<div class=\"elementor-element elementor-element-6b3112a8 ha-card--left ha-card--tablet-top ha-card--mobile-top elementor-widget elementor-widget-ha-card happy-addon ha-card\" data-id=\"6b3112a8\" data-element_type=\"widget\" data-e-type=\"widget\" data-widget_type=\"ha-card.default\">\n\t\t\t\t<div class=\"elementor-widget-container\">\n\t\t\t\t\t\n\t\t\t\t\t<figure class=\"ha-card-figure\">\n\t\t\t\t<img decoding=\"async\" width=\"1600\" height=\"1200\" src=\"https:\/\/www.ascaureliodeleon.es\/wp-content\/uploads\/2022\/11\/PROGRAMA-EDUCATIVO.jpg\" class=\"attachment-full size-full wp-image-1971\" alt=\"\" srcset=\"https:\/\/www.ascaureliodeleon.es\/wp-content\/uploads\/2022\/11\/PROGRAMA-EDUCATIVO.jpg 1600w, https:\/\/www.ascaureliodeleon.es\/wp-content\/uploads\/2022\/11\/PROGRAMA-EDUCATIVO-300x225.jpg 300w, https:\/\/www.ascaureliodeleon.es\/wp-content\/uploads\/2022\/11\/PROGRAMA-EDUCATIVO-1024x768.jpg 1024w, https:\/\/www.ascaureliodeleon.es\/wp-content\/uploads\/2022\/11\/PROGRAMA-EDUCATIVO-768x576.jpg 768w, https:\/\/www.ascaureliodeleon.es\/wp-content\/uploads\/2022\/11\/PROGRAMA-EDUCATIVO-1536x1152.jpg 1536w\" sizes=\"(max-width: 1600px) 100vw, 1600px\" \/>\t\t\t\t\t\t\t<\/figure>\n\t\t\n\t\t<div class=\"ha-card-body\">\n\n\t\t\t<h2 class=\"ha-card-title\">Programa Educativo <\/h2>\n\t\t\t\t\t\t\t<div class=\"ha-card-text\">\n\t\t\t\t\t<p>Destinado al desarrollo de actividades encaminadas a mejorar y facilitar la promoci\u00f3n sociocultural de las personas.  En \u00e9l se trabajan habilidades, recursos y destrezas que fomenten la autonom\u00eda personal, la participaci\u00f3n ciudadana y se promueven las relaciones personales. Consta de:<br \/>\n\u2022\tClases de castellano para Inmigrantes<br \/>\n\u2022\tAlfabetizaci\u00f3n y formaci\u00f3n b\u00e1sica para adultos<br \/>\n\u2022\tRefuerzo y apoyo escolar<br \/>\n\u2022\tFormaci\u00f3n complementaria:<br \/>\no\tCostura<br \/>\no\tInform\u00e1tica<br \/>\no\tCocina<br \/>\no\tPintura<br \/>\no\tAjedrez<br \/>\no\tOtros\n<\/p>\n\t\t\t\t<\/div>\n\t\t\t\n\t\t\t\t\t<\/div>\n\t\t\t\t\t\t<\/div>\n\t\t\t\t<\/div>\n\t\t\t\t\t<\/div>\n\t\t<\/div>\n\t\t\t\t\t<\/div>\n\t\t<\/section>\n\t\t\t\t<section class=\"elementor-section elementor-top-section elementor-element elementor-element-41617fc elementor-section-boxed elementor-section-height-default elementor-section-height-default\" data-id=\"41617fc\" data-element_type=\"section\" data-e-type=\"section\" data-settings=\"{&quot;_ha_eqh_enable&quot;:false}\">\n\t\t\t\t\t\t<div class=\"elementor-container elementor-column-gap-default\">\n\t\t\t\t\t<div class=\"elementor-column elementor-col-100 elementor-top-column elementor-element elementor-element-1f74fab1\" data-id=\"1f74fab1\" data-element_type=\"column\" data-e-type=\"column\">\n\t\t\t<div class=\"elementor-widget-wrap elementor-element-populated\">\n\t\t\t\t\t\t<div class=\"elementor-element elementor-element-5ca9012b ha-card--left ha-card--tablet-top ha-card--mobile-top elementor-widget elementor-widget-ha-card happy-addon ha-card\" data-id=\"5ca9012b\" data-element_type=\"widget\" data-e-type=\"widget\" data-widget_type=\"ha-card.default\">\n\t\t\t\t<div class=\"elementor-widget-container\">\n\t\t\t\t\t\n\t\t\t\t\t<figure class=\"ha-card-figure\">\n\t\t\t\t<img loading=\"lazy\" decoding=\"async\" width=\"2048\" height=\"924\" src=\"https:\/\/www.ascaureliodeleon.es\/wp-content\/uploads\/2022\/11\/PROGRAMA-DE-PROMOCION-CULTURAL.jpg\" class=\"attachment-full size-full wp-image-1972\" alt=\"\" srcset=\"https:\/\/www.ascaureliodeleon.es\/wp-content\/uploads\/2022\/11\/PROGRAMA-DE-PROMOCION-CULTURAL.jpg 2048w, https:\/\/www.ascaureliodeleon.es\/wp-content\/uploads\/2022\/11\/PROGRAMA-DE-PROMOCION-CULTURAL-300x135.jpg 300w, https:\/\/www.ascaureliodeleon.es\/wp-content\/uploads\/2022\/11\/PROGRAMA-DE-PROMOCION-CULTURAL-1024x462.jpg 1024w, https:\/\/www.ascaureliodeleon.es\/wp-content\/uploads\/2022\/11\/PROGRAMA-DE-PROMOCION-CULTURAL-768x347.jpg 768w, https:\/\/www.ascaureliodeleon.es\/wp-content\/uploads\/2022\/11\/PROGRAMA-DE-PROMOCION-CULTURAL-1536x693.jpg 1536w\" sizes=\"(max-width: 2048px) 100vw, 2048px\" \/>\t\t\t\t\t\t\t<\/figure>\n\t\t\n\t\t<div class=\"ha-card-body\">\n\n\t\t\t<h2 class=\"ha-card-title\">Programa de promoci\u00f3n cultural<\/h2>\n\t\t\t\t\t\t\t<div class=\"ha-card-text\">\n\t\t\t\t\t<p>- Visitas, excursiones, jornadas de tipo cultural<br \/>\n- Participaci\u00f3n en proyectos de Cooperaci\u00f3n al Desarrollo<\/p>\n\t\t\t\t<\/div>\n\t\t\t\n\t\t\t\t\t<\/div>\n\t\t\t\t\t\t<\/div>\n\t\t\t\t<\/div>\n\t\t\t\t\t<\/div>\n\t\t<\/div>\n\t\t\t\t\t<\/div>\n\t\t<\/section>\n\t\t\t\t<section class=\"elementor-section elementor-top-section elementor-element elementor-element-49e306bb elementor-section-boxed elementor-section-height-default elementor-section-height-default\" data-id=\"49e306bb\" data-element_type=\"section\" data-e-type=\"section\" data-settings=\"{&quot;_ha_eqh_enable&quot;:false}\">\n\t\t\t\t\t\t<div class=\"elementor-container elementor-column-gap-default\">\n\t\t\t\t\t<div class=\"elementor-column elementor-col-100 elementor-top-column elementor-element elementor-element-2ff699e0\" data-id=\"2ff699e0\" data-element_type=\"column\" data-e-type=\"column\">\n\t\t\t<div class=\"elementor-widget-wrap elementor-element-populated\">\n\t\t\t\t\t\t<div class=\"elementor-element elementor-element-434880e ha-card--left ha-card--tablet-top ha-card--mobile-top elementor-widget elementor-widget-ha-card happy-addon ha-card\" data-id=\"434880e\" data-element_type=\"widget\" data-e-type=\"widget\" data-widget_type=\"ha-card.default\">\n\t\t\t\t<div class=\"elementor-widget-container\">\n\t\t\t\t\t\n\t\t\t\t\t<figure class=\"ha-card-figure\">\n\t\t\t\t<img loading=\"lazy\" decoding=\"async\" width=\"1000\" height=\"750\" src=\"https:\/\/www.ascaureliodeleon.es\/wp-content\/uploads\/2022\/11\/PROGRAMA-DE-VOLUNTARIADO.jpg\" class=\"attachment-full size-full wp-image-1975\" alt=\"\" srcset=\"https:\/\/www.ascaureliodeleon.es\/wp-content\/uploads\/2022\/11\/PROGRAMA-DE-VOLUNTARIADO.jpg 1000w, https:\/\/www.ascaureliodeleon.es\/wp-content\/uploads\/2022\/11\/PROGRAMA-DE-VOLUNTARIADO-300x225.jpg 300w, https:\/\/www.ascaureliodeleon.es\/wp-content\/uploads\/2022\/11\/PROGRAMA-DE-VOLUNTARIADO-768x576.jpg 768w\" sizes=\"(max-width: 1000px) 100vw, 1000px\" \/>\t\t\t\t\t\t\t<\/figure>\n\t\t\n\t\t<div class=\"ha-card-body\">\n\n\t\t\t<h2 class=\"ha-card-title\">Programa de Voluntariado<\/h2>\n\t\t\t\t\t\t\t<div class=\"ha-card-text\">\n\t\t\t\t\t<p>- Formaci\u00f3n de voluntarios<br \/>\n- Coordinaci\u00f3n de las actividades y tareas desempe\u00f1adas por \u00e9stos.<br \/>\n- Jornadas de convivencia<\/p>\n\t\t\t\t<\/div>\n\t\t\t\n\t\t\t\t\t<\/div>\n\t\t\t\t\t\t<\/div>\n\t\t\t\t<\/div>\n\t\t\t\t\t<\/div>\n\t\t<\/div>\n\t\t\t\t\t<\/div>\n\t\t<\/section>\n\t\t\t\t<\/div>\n\t\t","protected":false},"excerpt":{"rendered":"<p>Programas y Actividades Inicio Ofrecemos distintos programas con los que conseguimos ayudar a muchas personas Programa de atenci\u00f3n social Gestionado a trav\u00e9s de profesionales y voluntarios que identifican y valoran las necesidades presentadas y proponen actuaciones a seguir para cada una de ellas. A trav\u00e9s de este programa se gestionan: \u2022 Servicio de acogida, informaci\u00f3n [&hellip;]<\/p>\n","protected":false},"author":1,"featured_media":0,"parent":15,"menu_order":0,"comment_status":"closed","ping_status":"closed","template":"elementor_header_footer","meta":{"footnotes":""},"class_list":["post-7","page","type-page","status-publish","hentry"],"_links":{"self":[{"href":"https:\/\/www.ascaureliodeleon.es\/index.php\/wp-json\/wp\/v2\/pages\/7","targetHints":{"allow":["GET"]}}],"collection":[{"href":"https:\/\/www.ascaureliodeleon.es\/index.php\/wp-json\/wp\/v2\/pages"}],"about":[{"href":"https:\/\/www.ascaureliodeleon.es\/index.php\/wp-json\/wp\/v2\/types\/page"}],"author":[{"embeddable":true,"href":"https:\/\/www.ascaureliodeleon.es\/index.php\/wp-json\/wp\/v2\/users\/1"}],"replies":[{"embeddable":true,"href":"https:\/\/www.ascaureliodeleon.es\/index.php\/wp-json\/wp\/v2\/comments?post=7"}],"version-history":[{"count":46,"href":"https:\/\/www.ascaureliodeleon.es\/index.php\/wp-json\/wp\/v2\/pages\/7\/revisions"}],"predecessor-version":[{"id":1978,"href":"https:\/\/www.ascaureliodeleon.es\/index.php\/wp-json\/wp\/v2\/pages\/7\/revisions\/1978"}],"up":[{"embeddable":true,"href":"https:\/\/www.ascaureliodeleon.es\/index.php\/wp-json\/wp\/v2\/pages\/15"}],"wp:attachment":[{"href":"https:\/\/www.ascaureliodeleon.es\/index.php\/wp-json\/wp\/v2\/media?parent=7"}],"curies":[{"name":"wp","href":"https:\/\/api.w.org\/{rel}","templated":true}]}}